{"id":57,"date":"2020-12-07T08:37:54","date_gmt":"2020-12-07T08:37:54","guid":{"rendered":"https:\/\/fuente.archimadrid.es\/?page_id=57"},"modified":"2020-12-21T18:06:41","modified_gmt":"2020-12-21T18:06:41","slug":"agenda","status":"publish","type":"page","link":"https:\/\/fuente.archimadrid.es\/index.php\/agenda\/","title":{"rendered":"Agenda"},"content":{"rendered":"\n<p>Aqui puedes consultar la agenda de nuestra parroquia.<\/p>\n\n\n\n<iframe loading=\"lazy\" src=\"https:\/\/calendar.google.com\/calendar\/embed?height=600&amp;wkst=2&amp;bgcolor=%234285F4&amp;ctz=Europe%2FMadrid&amp;src=cGZ1ZW50ZWZyZXNub0BnbWFpbC5jb20&amp;color=%237CB342&amp;mode=WEEK&amp;showCalendars=0&amp;showTz=0\" style=\"border:solid 1px #777\" width=\"800\" height=\"600\" frameborder=\"0\" scrolling=\"no\"><\/iframe>\n\n\n\n<p><\/p>\n","protected":false},"excerpt":{"rendered":"<p>Aqui puedes consultar la agenda de nuestra parroquia.<\/p>\n","protected":false},"author":1,"featured_media":0,"parent":0,"menu_order":0,"comment_status":"closed","ping_status":"closed","template":"","meta":{"footnotes":""},"class_list":["post-57","page","type-page","status-publish"],"jetpack-related-posts":[{"id":108,"url":"https:\/\/fuente.archimadrid.es\/index.php\/localizacion-de-la-parroquia\/","url_meta":{"origin":57,"position":0},"title":"Localizaci\u00f3n de la parroquia","author":"admin","date":"15 de diciembre de 2020","format":false,"excerpt":"Avda. Sancho Rosa 3Urb. Fuente del Fresno28708 San Sebasti\u00e1n de los Reyes (Madrid)","rel":"","context":"Entrada similar","block_context":{"text":"Entrada similar","link":""},"img":{"alt_text":"","src":"","width":0,"height":0},"classes":[]},{"id":158,"url":"https:\/\/fuente.archimadrid.es\/index.php\/rito-de-la-celebracion-del-matrimonio\/","url_meta":{"origin":57,"position":1},"title":"Rito de la celebraci\u00f3n del Matrimonio","author":"admin","date":"17 de diciembre de 2020","format":false,"excerpt":"CELEBRACIO\u0301N DEL MATRIMONIO RITO DEL MATRIMONIOLos novios tienen que responder a la vez a estas tres preguntas previas antes de darse el si\u0301 mutuo para unirse en matrimonio. Son las tres preguntas que afectan a lo esencial del matrimonio. Si se respondiera negativamente a alguna de ellas, o se mintiera\u2026","rel":"","context":"Entrada similar","block_context":{"text":"Entrada similar","link":""},"img":{"alt_text":"","src":"https:\/\/i0.wp.com\/fuente.archimadrid.es\/wp-content\/uploads\/2020\/12\/anillos.jpg?fit=500%2C438&ssl=1&resize=350%2C200","width":350,"height":200},"classes":[]},{"id":139,"url":"https:\/\/fuente.archimadrid.es\/index.php\/lecturas-para-el-matrimonio-del-antiguo-testamento\/","url_meta":{"origin":57,"position":2},"title":"Lecturas para el matrimonio del Antiguo Testamento","author":"admin","date":"17 de diciembre de 2020","format":false,"excerpt":"Lectura del libro del G\u00e9nesis: 1, 26-28. 31a Dijo Dios: \u201cHagamos al hombre a nuestra imagen y semejanza; que domine los peces del mar, las aves del cielo, los animales dom\u00e9sticos, los reptiles de la tierra. Y cre\u00f3 Dios al hombre a su imagen; a imagen de Dios lo cre\u00f3,\u2026","rel":"","context":"Entrada similar","block_context":{"text":"Entrada similar","link":""},"img":{"alt_text":"","src":"https:\/\/i0.wp.com\/fuente.archimadrid.es\/wp-content\/uploads\/2020\/12\/bodas-at.jpg?fit=1009%2C800&ssl=1&resize=350%2C200","width":350,"height":200,"srcset":"https:\/\/i0.wp.com\/fuente.archimadrid.es\/wp-content\/uploads\/2020\/12\/bodas-at.jpg?fit=1009%2C800&ssl=1&resize=350%2C200 1x, https:\/\/i0.wp.com\/fuente.archimadrid.es\/wp-content\/uploads\/2020\/12\/bodas-at.jpg?fit=1009%2C800&ssl=1&resize=525%2C300 1.5x, https:\/\/i0.wp.com\/fuente.archimadrid.es\/wp-content\/uploads\/2020\/12\/bodas-at.jpg?fit=1009%2C800&ssl=1&resize=700%2C400 2x"},"classes":[]},{"id":143,"url":"https:\/\/fuente.archimadrid.es\/index.php\/salmos-responsoriales-para-el-matrimonio\/","url_meta":{"origin":57,"position":3},"title":"SALMOS RESPONSORIALES PARA EL MATRIMONIO","author":"admin","date":"17 de diciembre de 2020","format":false,"excerpt":"I Sal 32,12 y 18. 20-21.22 V. La misericordia del Se\u00f1or llena la tierra. R. La misericordia del Se\u00f1or llena la tierra. V. Dichosa la naci\u00f3n cuyo Dios es el Se\u00f1or, el pueblo que \u00e9l escogi\u00f3 como heredad. Los ojos del Se\u00f1or est\u00e1n puestos en sus fieles, en los que\u2026","rel":"","context":"Entrada similar","block_context":{"text":"Entrada similar","link":""},"img":{"alt_text":"","src":"https:\/\/i0.wp.com\/fuente.archimadrid.es\/wp-content\/uploads\/2020\/12\/salmos2.jpg?fit=800%2C694&ssl=1&resize=350%2C200","width":350,"height":200,"srcset":"https:\/\/i0.wp.com\/fuente.archimadrid.es\/wp-content\/uploads\/2020\/12\/salmos2.jpg?fit=800%2C694&ssl=1&resize=350%2C200 1x, https:\/\/i0.wp.com\/fuente.archimadrid.es\/wp-content\/uploads\/2020\/12\/salmos2.jpg?fit=800%2C694&ssl=1&resize=525%2C300 1.5x, https:\/\/i0.wp.com\/fuente.archimadrid.es\/wp-content\/uploads\/2020\/12\/salmos2.jpg?fit=800%2C694&ssl=1&resize=700%2C400 2x"},"classes":[]},{"id":145,"url":"https:\/\/fuente.archimadrid.es\/index.php\/evangelios-para-la-celebracion-del-matrimonio\/","url_meta":{"origin":57,"position":4},"title":"EVANGELIOS para la celebraci\u00f3n del Matrimonio","author":"admin","date":"17 de diciembre de 2020","format":false,"excerpt":"I Lectura del santo Evangelio seg\u00fan San Mateo: 5, 1-12a En aquel tiempo, al ver Jes\u00fas al gent\u00edo, subi\u00f3 a la monta\u00f1a, se sent\u00f3, y se acercaron sus disc\u00edpulos; y \u00e9l se puso a hablar ense\u00f1\u00e1ndoles: Dichosos los pobres en el esp\u00edritu, porque de ellos es el Reino de los\u2026","rel":"","context":"Entrada similar","block_context":{"text":"Entrada similar","link":""},"img":{"alt_text":"","src":"https:\/\/i0.wp.com\/fuente.archimadrid.es\/wp-content\/uploads\/2020\/12\/Jesus-cana-2-1-1024x675-1.png?fit=1024%2C675&ssl=1&resize=350%2C200","width":350,"height":200,"srcset":"https:\/\/i0.wp.com\/fuente.archimadrid.es\/wp-content\/uploads\/2020\/12\/Jesus-cana-2-1-1024x675-1.png?fit=1024%2C675&ssl=1&resize=350%2C200 1x, https:\/\/i0.wp.com\/fuente.archimadrid.es\/wp-content\/uploads\/2020\/12\/Jesus-cana-2-1-1024x675-1.png?fit=1024%2C675&ssl=1&resize=525%2C300 1.5x, https:\/\/i0.wp.com\/fuente.archimadrid.es\/wp-content\/uploads\/2020\/12\/Jesus-cana-2-1-1024x675-1.png?fit=1024%2C675&ssl=1&resize=700%2C400 2x"},"classes":[]}],"jetpack_sharing_enabled":true,"_links":{"self":[{"href":"https:\/\/fuente.archimadrid.es\/index.php\/wp-json\/wp\/v2\/pages\/57","targetHints":{"allow":["GET"]}}],"collection":[{"href":"https:\/\/fuente.archimadrid.es\/index.php\/wp-json\/wp\/v2\/pages"}],"about":[{"href":"https:\/\/fuente.archimadrid.es\/index.php\/wp-json\/wp\/v2\/types\/page"}],"author":[{"embeddable":true,"href":"https:\/\/fuente.archimadrid.es\/index.php\/wp-json\/wp\/v2\/users\/1"}],"replies":[{"embeddable":true,"href":"https:\/\/fuente.archimadrid.es\/index.php\/wp-json\/wp\/v2\/comments?post=57"}],"version-history":[{"count":4,"href":"https:\/\/fuente.archimadrid.es\/index.php\/wp-json\/wp\/v2\/pages\/57\/revisions"}],"predecessor-version":[{"id":175,"href":"https:\/\/fuente.archimadrid.es\/index.php\/wp-json\/wp\/v2\/pages\/57\/revisions\/175"}],"wp:attachment":[{"href":"https:\/\/fuente.archimadrid.es\/index.php\/wp-json\/wp\/v2\/media?parent=57"}],"curies":[{"name":"wp","href":"https:\/\/api.w.org\/{rel}","templated":true}]}}