{"id":141,"date":"2020-12-17T16:56:54","date_gmt":"2020-12-17T16:56:54","guid":{"rendered":"https:\/\/fuente.archimadrid.es\/?page_id=141"},"modified":"2020-12-17T17:17:45","modified_gmt":"2020-12-17T17:17:45","slug":"lecturas-para-el-matrimonio-de-las-cartas-apostolicas-nuevo-testamento","status":"publish","type":"page","link":"https:\/\/fuente.archimadrid.es\/index.php\/lecturas-para-el-matrimonio-de-las-cartas-apostolicas-nuevo-testamento\/","title":{"rendered":"LECTURAS para el Matrimonio DE LAS CARTAS APOST\u00d3LICAS (NUEVO TESTAMENTO)"},"content":{"rendered":"\n<p>I<\/p>\n\n\n\n<p>Lectura de la carta del Ap\u00f3stol San Pablo a los Romanos: 8, 31b-35. 37-39<\/p>\n\n\n\n<p>Hermanos: Si Dios est\u00e1 con nosotros, \u00bfqui\u00e9n estar\u00e1 contra nosotros? El que no perdon\u00f3 a su propio Hijo, sino que lo entreg\u00f3 a la muerte por nosotros, \u00bfc\u00f3mo no nos dar\u00e1 todo con \u00c9l? \u00bfQui\u00e9n acusar\u00e1 a los elegidos de Dios? Dios es el que justifica. \u00bfQui\u00e9n condenar\u00e1? \u00bfSer\u00e1 acaso Cristo que muri\u00f3, m\u00e1s a\u00fan, resucit\u00f3 y est\u00e1 a la derecha de Dios, y que intercede por nosotros? \u00bfQui\u00e9n podr\u00e1 apartarnos del amor de Cristo?, \u00bfla aflicci\u00f3n?, \u00bfla angustia?, \u00bfla persecuci\u00f3n?, \u00bfel hambre?, \u00bfla desnudez?, \u00bfel peligro?, \u00bfla espada?. Pero en todo esto vencemos f\u00e1cilmente por Aquel que nos ha amado. Pues estoy convencido de que ni muerte, ni vida, ni \u00e1ngeles, ni principados, ni presente, ni futuro, ni potencias, ni altura, ni profundidad, ni criatura alguna, podr\u00e1 apartarnos del amor de Dios manifestado en Cristo Jes\u00fas, Se\u00f1or Nuestro.<\/p>\n\n\n\n<p>II<\/p>\n\n\n\n<p>Lectura de la carta del Ap\u00f3stol San Pablo a los Romanos: 12, 1-2. 9-18<\/p>\n\n\n\n<p>Hermanos: Os exhorto, por la misericordia de Dios, a presentar vuestros cuerpos como hostia viva, santa, agradable a Dios; \u00e9ste es vuestro culto razonable. Y no os ajust\u00e9is a este mundo, sino transformaos por la renovaci\u00f3n de la mente, para que sep\u00e1is discernir lo que es voluntad de Dios, lo bueno, lo que le agrada, lo perfecto. Que vuestra caridad no sea una farsa: aborreced lo malo y apegaos a lo bueno. Como buenos hermanos, sed cari\u00f1osos unos con otros, estimando a los dem\u00e1s m\u00e1s que a uno mismo. En la actividad, no se\u00e1is descuidados, en el esp\u00edritu manteneos ardientes. Servid constantemente al Se\u00f1or. Que la esperanza os tenga alegres: estad firmes en la tribulaci\u00f3n, sed asiduos en la oraci\u00f3n. Contribuid en las necesidades del Pueblo de Dios; practicad la hospitalidad. Bendecid a los que os persiguen; bendecid, s\u00ed, no maldig\u00e1is. Con los que r\u00eden estad alegres; con los que lloran, llorad. Tened igualdad de trato unos con otros: no teng\u00e1is grandes pretensiones, sino poneos al nivel de la gente humilde. No presum\u00e1is de listos. No devolv\u00e1is a nadie mal por mal. Procurad la buena reputaci\u00f3n entre la gente. En cuanto sea posible, por vuestra parte, estad en paz con todo el mundo.<\/p>\n\n\n\n<p>III<\/p>\n\n\n\n<p>Lectura de la primera carta del Ap\u00f3stol San Pablo a los Corintios: 6, 13c-15a. 17-20.<\/p>\n\n\n\n<p>Hermanos: El cuerpo no es para la fornicaci\u00f3n, sino para el Se\u00f1or; y el Se\u00f1or para el cuerpo. Dios, con su poder, resucit\u00f3 al Se\u00f1or y nos resucitar\u00e1 tambi\u00e9n a nosotros. \u00bfNo sab\u00e9is que vuestros cuerpos son miembros de Cristo? El que se une al Se\u00f1or es un esp\u00edritu con El. Huid de la fornicaci\u00f3n. Cualquier pecado que cometa el hombre queda fuera de su cuerpo. Pero el que fornica peca en su propio cuerpo. \u00bf0 es que no sab\u00e9is que vuestro cuerpo es templo del Esp\u00edritu Santo? El habita en vosotros, porque lo hab\u00e9is recibido de Dios. No os pose\u00e9is en propiedad, porque os han comprado pagando un precio por vosotros. Por tanto, \u00a1glorificad a Dios con vuestro cuerpo!<\/p>\n\n\n\n<p>IV<\/p>\n\n\n\n<p>Lectura de la primera carta del Ap\u00f3stol San Pablo a los Corintos: 12, 31-13, 8a<\/p>\n\n\n\n<p>Hermanos: Ambicionad los carismas mejores. Y a\u00fan os voy a mostrar un camino mejor. Ya podr\u00eda yo hablar las lenguas de los hombres y de los \u00e1ngeles; si no tengo amor, no soy m\u00e1s que un metal que resuena o unos platillos que aturden. Ya podr\u00eda tener el don de predicaci\u00f3n y conocer todos los, secretos y todo el saber; podr\u00eda tener una fe como para mover montan-as; sino tengo amor, no soy nada. Podr\u00eda repartir en limosnas todo lo que tengo y aun dejarme quemar vivo; si no tengo amor, de nada me sirve. El amor es comprensivo, el amor es servicial y no tiene envidia; el amor no presume, ni se engr\u00ede; no es mal educado ni ego\u00edsta; no se irrita, no lleva cuentas del mal; no se alegra de la injusticia, sino que goza con la verdad. Disculpa sin l\u00edmites, cree sin l\u00edmites, espera sin l\u00edmites, aguanta sin l\u00edmites. El amor no pasa nunca.<\/p>\n\n\n\n<p>V<\/p>\n\n\n\n<p>Lectura de la carta del Ap\u00f3stol San Pablo a los Efesios: 5, 2\u00aa. 21-23<\/p>\n\n\n\n<p>Hermanos: Vivid en el amor, igual que Cristo nos ha amado y se ha entregado por nosotros. Sed sumisos unos a otros con respeto cristiano. Las mujeres, que se sometan a sus maridos como al Se\u00f1or; porque el marido es cabeza de la mujer, as\u00ed como Cristo es cabeza de la Iglesia, \u00e9l que es salvador del cuerpo. Pues como la Iglesia se somete a Cristo, as\u00ed tambi\u00e9n las mujeres a sus maridos en todo. Maridos, amad a vuestras mujeres como Cristo am\u00f3 a su Iglesia, El se entreg\u00f3 a si mismo por ella, para consagrarla, purific\u00e1ndola con el ba\u00f1o del agua y la palabra, y para colocarla ante si gloriosa, la Iglesia, sin mancha ni arruga ni nada semejante, sino santa e inmaculada. As\u00ed deben tambi\u00e9n los maridos amar a sus mujeres, como cuerpos suyos que son. Amar a su mujer es amarse a s\u00ed mismo. Pues nadie, jam\u00e1s, ha odiado su propia carne, sino que le da alimento y calor, como Cristo hace con la Iglesia, porque somos miembros de su cuerpo. \u00abPor eso abandonar\u00e1 el hombre a su padre y a su madre, y se unir\u00e1 a su mujer, y ser\u00e1n los dos una sola carne.\u00bb Es \u00e9ste un gran misterio; y yo lo refiero a Cristo y a la Iglesia. En una palabra, que cada uno de vosotros ame a su mujer como a s\u00ed mismo, y que la mujer respete al marido.<\/p>\n\n\n\n<p>VI<\/p>\n\n\n\n<p>Lectura de la carta del Ap\u00f3stol San Pablo a los Colosenses: 3, 12-17<\/p>\n\n\n\n<p>Hermanos: Como pueblo elegido de Dios, pueblo sacro y amado, sea vuestro uniforme: la misericordia entra\u00f1able, la bondad, la humildad, la dulzura, la comprensi\u00f3n. Sobrellevaos mutuamente y perdonaos, cuando alguno tenga quejas contra otro. El Se\u00f1or os ha perdonado: haced vosotros lo mismo. Y por encima de todo esto, el amor, que es el ce\u00f1idor de la unidad consumada. Que la paz de Cristo act\u00fae de \u00e1rbitro en vuestro coraz\u00f3n: a ella hab\u00e9is sido convocados, en un solo cuerpo. Y celebrad la Acci\u00f3n de Gracias: la Palabra de Cristo habite entre vosotros en toda su riqueza; ense\u00f1aos unos a otros con toda sabidur\u00eda; exhortaos mutuamente. Cantad a Dios, dadle gracias de coraz\u00f3n, con salmos, himnos y c\u00e1nticos inspirados. Y todo lo que de palabra o de obra realic\u00e9is, sea todo en nombre de Jes\u00fas, ofreciendo la Acci\u00f3n de Gracias a Dios Padre por medio de \u00e9l.<\/p>\n\n\n\n<p>VII<\/p>\n\n\n\n<p>Lectura de la primera carta de San Pedro: 3, 1-9<\/p>\n\n\n\n<p>Mujeres, sed sumisas a vuestros maridos para que, si incluso algunos no creen en la Palabra, sean ganados no por palabras, sino por la conducta de sus mujeres, al considerar vuestra conducta casta y respetuosa. Que vuestro adorno no est\u00e9 en el exterior: en peinados, joyas y modas, sino en lo oculto del coraz\u00f3n, en la incorruptibilidad de un alma dulce y serena: esto es precioso ante Dios. As\u00ed se adornaban en Dios, siendo sumisas a sus maridos; as\u00ed obedeci\u00f3 Sara a Abraham, llam\u00e1ndole se\u00f1or. De ella os hac\u00e9is hijas cuando obr\u00e1is bien, sin tener ning\u00fan temor. De igual manera, vosotros, maridos, en la vida com\u00fan, sed comprensivos con la mujer que es un ser m\u00e1s fr\u00e1gil, respet\u00e1ndolas, ya que son tambi\u00e9n coherederas de la gracia de la Vida, para que vuestras oraciones no encuentren obst\u00e1culo. Procurad todos tener un mismo pensar y un mismo sentir: con afecto fraternal, con ternura, con humildad. No devolv\u00e1is mal por mal o insulto por insulto; al contrario, responded con una bendici\u00f3n, porque vuestra vocaci\u00f3n mira a esto: a heredar una bendici\u00f3n.<\/p>\n\n\n\n<p>VIII<\/p>\n\n\n\n<p>Lectura de la primera carta del Ap\u00f3stol San Juan: 3, 18-24<\/p>\n\n\n\n<p>Hijos m\u00edos, no amemos de palabra ni de boca, sino con obras y seg\u00fan la verdad. En esto conocemos que somos de la verdad, y tranquilizaremos nuestra conciencia ante El, en caso de que nos condene nuestra conciencia, pues Dios es mayor que nuestra conciencia y conoce todo. Queridos, si la conciencia no nos condena, tenemos plena confianza ante Dios y cuanto pidamos lo recibiremos de El, porque guardamos sus mandamientos y hacemos lo que le agrada. Y este es su mandamiento: Que creamos en el nombre de su Hijo, Jesucristo, y que nos amemos unos a otros tal como nos lo mand\u00f3. Quien guarda sus mandamientos permanece en Dios y Dios en \u00e9l; en esto conocemos que permanece en nosotros: por el Esp\u00edritu que nos dio.<\/p>\n\n\n\n<p>IX<\/p>\n\n\n\n<p>Lectura de la primera carta del Ap\u00f3stol San Juan: 4, 7-12<\/p>\n\n\n\n<p>Queridos hermanos: Am\u00e9monos unos a otros, ya que el amor es de Dios, y todo el que ama ha nacido de Dios y conoce a Dios. Quien no ama no ha conocido a Dios, porque Dios es Amor. En esto se manifest\u00f3 el amor que Dios nos tiene: en que Dios envi\u00f3 al mundo a su Hijo \u00fanico para que vivamos por medio de \u00e9l. En esto consiste el amor: no en que nosotros hayamos amado a Dios, sino en que El nos am\u00f3 y nos envi\u00f3 a su Hijo como propiciaci\u00f3n por nuestros pecados. Queridos, si Dios nos am\u00f3 de esta manera, tambi\u00e9n nosotros debemos amarnos unos a otros. A Dios nadie lo ha visto nunca. Si nos amamos unos a otros, Dios permanece en nosotros y su amor ha llegado en nosotros a su plenitud.<\/p>\n\n\n\n<p>X<\/p>\n\n\n\n<p>Lectura del libro del Apocalipsis: 19, 1. 5-9a<\/p>\n\n\n\n<p>Yo, Juan, o\u00ed en el cielo como un gran ruido de muchedumbre inmensa que dec\u00eda: -Aleluya. La salvaci\u00f3n y la gloria y el poder son de nuestro Dios. Y sali\u00f3 una voz del trono que dec\u00eda: -Alabad a nuestro Dios todos sus siervos y los que le tem\u00e9is, peque\u00f1os y grandes. Y o\u00ed como el ruido de muchedumbre inmensa y como el ruido de grandes aguas y como el fragor de fuertes truenos. Y dec\u00edan: -Aleluya. Porque ha establecido su reinado el Se\u00f1or, nuestro Dios Todopoderoso. Con alegr\u00eda y regocijo d\u00e9mosle gloria, porque han llegado las bodas del Cordero, y su Esposa se ha engalanado y se le ha concedido vestirse de lino deslumbrante de blancura -el lino son las buenas acciones de los santos-. Luego me dice: -Escribe: Dichosos los invitados al banquete de bodas del Cordero.<\/p>\n","protected":false},"excerpt":{"rendered":"<p>I Lectura de la carta del Ap\u00f3stol San Pablo a los Romanos: 8, 31b-35. 37-39 Hermanos: Si Dios est\u00e1 con nosotros, \u00bfqui\u00e9n estar\u00e1 contra nosotros? El que no perdon\u00f3 a su propio Hijo, sino &#8230; <\/p>\n<p class=\"read-more-container\"><a title=\"LECTURAS para el Matrimonio DE LAS CARTAS APOST\u00d3LICAS (NUEVO TESTAMENTO)\" class=\"read-more button\" href=\"https:\/\/fuente.archimadrid.es\/index.php\/lecturas-para-el-matrimonio-de-las-cartas-apostolicas-nuevo-testamento\/#more-141\" aria-label=\"Leer m\u00e1s sobre LECTURAS para el Matrimonio DE LAS CARTAS APOST\u00d3LICAS (NUEVO TESTAMENTO)\">Leer m\u00e1s<\/a><\/p>\n","protected":false},"author":1,"featured_media":149,"parent":0,"menu_order":0,"comment_status":"closed","ping_status":"closed","template":"","meta":{"footnotes":""},"class_list":["post-141","page","type-page","status-publish","has-post-thumbnail"],"jetpack-related-posts":[{"id":139,"url":"https:\/\/fuente.archimadrid.es\/index.php\/lecturas-para-el-matrimonio-del-antiguo-testamento\/","url_meta":{"origin":141,"position":0},"title":"Lecturas para el matrimonio del Antiguo Testamento","author":"admin","date":"17 de diciembre de 2020","format":false,"excerpt":"Lectura del libro del G\u00e9nesis: 1, 26-28. 31a Dijo Dios: \u201cHagamos al hombre a nuestra imagen y semejanza; que domine los peces del mar, las aves del cielo, los animales dom\u00e9sticos, los reptiles de la tierra. Y cre\u00f3 Dios al hombre a su imagen; a imagen de Dios lo cre\u00f3,\u2026","rel":"","context":"Entrada similar","block_context":{"text":"Entrada similar","link":""},"img":{"alt_text":"","src":"https:\/\/i0.wp.com\/fuente.archimadrid.es\/wp-content\/uploads\/2020\/12\/bodas-at.jpg?fit=1009%2C800&ssl=1&resize=350%2C200","width":350,"height":200,"srcset":"https:\/\/i0.wp.com\/fuente.archimadrid.es\/wp-content\/uploads\/2020\/12\/bodas-at.jpg?fit=1009%2C800&ssl=1&resize=350%2C200 1x, https:\/\/i0.wp.com\/fuente.archimadrid.es\/wp-content\/uploads\/2020\/12\/bodas-at.jpg?fit=1009%2C800&ssl=1&resize=525%2C300 1.5x, https:\/\/i0.wp.com\/fuente.archimadrid.es\/wp-content\/uploads\/2020\/12\/bodas-at.jpg?fit=1009%2C800&ssl=1&resize=700%2C400 2x"},"classes":[]},{"id":158,"url":"https:\/\/fuente.archimadrid.es\/index.php\/rito-de-la-celebracion-del-matrimonio\/","url_meta":{"origin":141,"position":1},"title":"Rito de la celebraci\u00f3n del Matrimonio","author":"admin","date":"17 de diciembre de 2020","format":false,"excerpt":"CELEBRACIO\u0301N DEL MATRIMONIO RITO DEL MATRIMONIOLos novios tienen que responder a la vez a estas tres preguntas previas antes de darse el si\u0301 mutuo para unirse en matrimonio. Son las tres preguntas que afectan a lo esencial del matrimonio. Si se respondiera negativamente a alguna de ellas, o se mintiera\u2026","rel":"","context":"Entrada similar","block_context":{"text":"Entrada similar","link":""},"img":{"alt_text":"","src":"https:\/\/i0.wp.com\/fuente.archimadrid.es\/wp-content\/uploads\/2020\/12\/anillos.jpg?fit=500%2C438&ssl=1&resize=350%2C200","width":350,"height":200},"classes":[]},{"id":145,"url":"https:\/\/fuente.archimadrid.es\/index.php\/evangelios-para-la-celebracion-del-matrimonio\/","url_meta":{"origin":141,"position":2},"title":"EVANGELIOS para la celebraci\u00f3n del Matrimonio","author":"admin","date":"17 de diciembre de 2020","format":false,"excerpt":"I Lectura del santo Evangelio seg\u00fan San Mateo: 5, 1-12a En aquel tiempo, al ver Jes\u00fas al gent\u00edo, subi\u00f3 a la monta\u00f1a, se sent\u00f3, y se acercaron sus disc\u00edpulos; y \u00e9l se puso a hablar ense\u00f1\u00e1ndoles: Dichosos los pobres en el esp\u00edritu, porque de ellos es el Reino de los\u2026","rel":"","context":"Entrada similar","block_context":{"text":"Entrada similar","link":""},"img":{"alt_text":"","src":"https:\/\/i0.wp.com\/fuente.archimadrid.es\/wp-content\/uploads\/2020\/12\/Jesus-cana-2-1-1024x675-1.png?fit=1024%2C675&ssl=1&resize=350%2C200","width":350,"height":200,"srcset":"https:\/\/i0.wp.com\/fuente.archimadrid.es\/wp-content\/uploads\/2020\/12\/Jesus-cana-2-1-1024x675-1.png?fit=1024%2C675&ssl=1&resize=350%2C200 1x, https:\/\/i0.wp.com\/fuente.archimadrid.es\/wp-content\/uploads\/2020\/12\/Jesus-cana-2-1-1024x675-1.png?fit=1024%2C675&ssl=1&resize=525%2C300 1.5x, https:\/\/i0.wp.com\/fuente.archimadrid.es\/wp-content\/uploads\/2020\/12\/Jesus-cana-2-1-1024x675-1.png?fit=1024%2C675&ssl=1&resize=700%2C400 2x"},"classes":[]},{"id":143,"url":"https:\/\/fuente.archimadrid.es\/index.php\/salmos-responsoriales-para-el-matrimonio\/","url_meta":{"origin":141,"position":3},"title":"SALMOS RESPONSORIALES PARA EL MATRIMONIO","author":"admin","date":"17 de diciembre de 2020","format":false,"excerpt":"I Sal 32,12 y 18. 20-21.22 V. La misericordia del Se\u00f1or llena la tierra. R. La misericordia del Se\u00f1or llena la tierra. V. Dichosa la naci\u00f3n cuyo Dios es el Se\u00f1or, el pueblo que \u00e9l escogi\u00f3 como heredad. Los ojos del Se\u00f1or est\u00e1n puestos en sus fieles, en los que\u2026","rel":"","context":"Entrada similar","block_context":{"text":"Entrada similar","link":""},"img":{"alt_text":"","src":"https:\/\/i0.wp.com\/fuente.archimadrid.es\/wp-content\/uploads\/2020\/12\/salmos2.jpg?fit=800%2C694&ssl=1&resize=350%2C200","width":350,"height":200,"srcset":"https:\/\/i0.wp.com\/fuente.archimadrid.es\/wp-content\/uploads\/2020\/12\/salmos2.jpg?fit=800%2C694&ssl=1&resize=350%2C200 1x, https:\/\/i0.wp.com\/fuente.archimadrid.es\/wp-content\/uploads\/2020\/12\/salmos2.jpg?fit=800%2C694&ssl=1&resize=525%2C300 1.5x, https:\/\/i0.wp.com\/fuente.archimadrid.es\/wp-content\/uploads\/2020\/12\/salmos2.jpg?fit=800%2C694&ssl=1&resize=700%2C400 2x"},"classes":[]}],"jetpack_sharing_enabled":true,"_links":{"self":[{"href":"https:\/\/fuente.archimadrid.es\/index.php\/wp-json\/wp\/v2\/pages\/141","targetHints":{"allow":["GET"]}}],"collection":[{"href":"https:\/\/fuente.archimadrid.es\/index.php\/wp-json\/wp\/v2\/pages"}],"about":[{"href":"https:\/\/fuente.archimadrid.es\/index.php\/wp-json\/wp\/v2\/types\/page"}],"author":[{"embeddable":true,"href":"https:\/\/fuente.archimadrid.es\/index.php\/wp-json\/wp\/v2\/users\/1"}],"replies":[{"embeddable":true,"href":"https:\/\/fuente.archimadrid.es\/index.php\/wp-json\/wp\/v2\/comments?post=141"}],"version-history":[{"count":1,"href":"https:\/\/fuente.archimadrid.es\/index.php\/wp-json\/wp\/v2\/pages\/141\/revisions"}],"predecessor-version":[{"id":142,"href":"https:\/\/fuente.archimadrid.es\/index.php\/wp-json\/wp\/v2\/pages\/141\/revisions\/142"}],"wp:featuredmedia":[{"embeddable":true,"href":"https:\/\/fuente.archimadrid.es\/index.php\/wp-json\/wp\/v2\/media\/149"}],"wp:attachment":[{"href":"https:\/\/fuente.archimadrid.es\/index.php\/wp-json\/wp\/v2\/media?parent=141"}],"curies":[{"name":"wp","href":"https:\/\/api.w.org\/{rel}","templated":true}]}}