{"id":108,"date":"2020-12-15T07:52:19","date_gmt":"2020-12-15T07:52:19","guid":{"rendered":"https:\/\/fuente.archimadrid.es\/?page_id=108"},"modified":"2020-12-15T07:52:19","modified_gmt":"2020-12-15T07:52:19","slug":"localizacion-de-la-parroquia","status":"publish","type":"page","link":"https:\/\/fuente.archimadrid.es\/index.php\/localizacion-de-la-parroquia\/","title":{"rendered":"Localizaci\u00f3n de la parroquia"},"content":{"rendered":"\n<p>Avda. Sancho Rosa 3<br>Urb. Fuente del Fresno<br>28708 San Sebasti\u00e1n de los Reyes (Madrid)<\/p>\n\n\n\n<iframe loading=\"lazy\" src=\"https:\/\/www.google.com\/maps\/embed?pb=!1m14!1m8!1m3!1d1515.0208035904084!2d-3.589572!3d40.584837!3m2!1i1024!2i768!4f13.1!3m3!1m2!1s0x0%3A0x5334020ec99a57b8!2sParroquia%20Nuestra%20Se%C3%B1ora%20de%20Fuente%20del%20Fresno!5e0!3m2!1ses!2sus!4v1608018620461!5m2!1ses!2sus\" width=\"600\" height=\"450\" frameborder=\"0\" style=\"border:0;\" allowfullscreen=\"\" aria-hidden=\"false\" tabindex=\"0\"><\/iframe>\n\n","protected":false},"excerpt":{"rendered":"<p>Avda. Sancho Rosa 3Urb. Fuente del Fresno28708 San Sebasti\u00e1n de los Reyes (Madrid)<\/p>\n","protected":false},"author":1,"featured_media":0,"parent":0,"menu_order":0,"comment_status":"closed","ping_status":"closed","template":"","meta":{"footnotes":""},"class_list":["post-108","page","type-page","status-publish"],"jetpack-related-posts":[{"id":57,"url":"https:\/\/fuente.archimadrid.es\/index.php\/agenda\/","url_meta":{"origin":108,"position":0},"title":"Agenda","author":"admin","date":"7 de diciembre de 2020","format":false,"excerpt":"Aqui puedes consultar la agenda de nuestra parroquia.","rel":"","context":"Entrada similar","block_context":{"text":"Entrada similar","link":""},"img":{"alt_text":"","src":"","width":0,"height":0},"classes":[]},{"id":145,"url":"https:\/\/fuente.archimadrid.es\/index.php\/evangelios-para-la-celebracion-del-matrimonio\/","url_meta":{"origin":108,"position":1},"title":"EVANGELIOS para la celebraci\u00f3n del Matrimonio","author":"admin","date":"17 de diciembre de 2020","format":false,"excerpt":"I Lectura del santo Evangelio seg\u00fan San Mateo: 5, 1-12a En aquel tiempo, al ver Jes\u00fas al gent\u00edo, subi\u00f3 a la monta\u00f1a, se sent\u00f3, y se acercaron sus disc\u00edpulos; y \u00e9l se puso a hablar ense\u00f1\u00e1ndoles: Dichosos los pobres en el esp\u00edritu, porque de ellos es el Reino de los\u2026","rel":"","context":"Entrada similar","block_context":{"text":"Entrada similar","link":""},"img":{"alt_text":"","src":"https:\/\/i0.wp.com\/fuente.archimadrid.es\/wp-content\/uploads\/2020\/12\/Jesus-cana-2-1-1024x675-1.png?fit=1024%2C675&ssl=1&resize=350%2C200","width":350,"height":200,"srcset":"https:\/\/i0.wp.com\/fuente.archimadrid.es\/wp-content\/uploads\/2020\/12\/Jesus-cana-2-1-1024x675-1.png?fit=1024%2C675&ssl=1&resize=350%2C200 1x, https:\/\/i0.wp.com\/fuente.archimadrid.es\/wp-content\/uploads\/2020\/12\/Jesus-cana-2-1-1024x675-1.png?fit=1024%2C675&ssl=1&resize=525%2C300 1.5x, https:\/\/i0.wp.com\/fuente.archimadrid.es\/wp-content\/uploads\/2020\/12\/Jesus-cana-2-1-1024x675-1.png?fit=1024%2C675&ssl=1&resize=700%2C400 2x"},"classes":[]},{"id":141,"url":"https:\/\/fuente.archimadrid.es\/index.php\/lecturas-para-el-matrimonio-de-las-cartas-apostolicas-nuevo-testamento\/","url_meta":{"origin":108,"position":2},"title":"LECTURAS para el Matrimonio DE LAS CARTAS APOST\u00d3LICAS (NUEVO TESTAMENTO)","author":"admin","date":"17 de diciembre de 2020","format":false,"excerpt":"I Lectura de la carta del Ap\u00f3stol San Pablo a los Romanos: 8, 31b-35. 37-39 Hermanos: Si Dios est\u00e1 con nosotros, \u00bfqui\u00e9n estar\u00e1 contra nosotros? El que no perdon\u00f3 a su propio Hijo, sino que lo entreg\u00f3 a la muerte por nosotros, \u00bfc\u00f3mo no nos dar\u00e1 todo con \u00c9l? \u00bfQui\u00e9n\u2026","rel":"","context":"Entrada similar","block_context":{"text":"Entrada similar","link":""},"img":{"alt_text":"","src":"https:\/\/i0.wp.com\/fuente.archimadrid.es\/wp-content\/uploads\/2020\/12\/lecturas-nt.jpg?fit=1200%2C655&ssl=1&resize=350%2C200","width":350,"height":200,"srcset":"https:\/\/i0.wp.com\/fuente.archimadrid.es\/wp-content\/uploads\/2020\/12\/lecturas-nt.jpg?fit=1200%2C655&ssl=1&resize=350%2C200 1x, https:\/\/i0.wp.com\/fuente.archimadrid.es\/wp-content\/uploads\/2020\/12\/lecturas-nt.jpg?fit=1200%2C655&ssl=1&resize=525%2C300 1.5x, https:\/\/i0.wp.com\/fuente.archimadrid.es\/wp-content\/uploads\/2020\/12\/lecturas-nt.jpg?fit=1200%2C655&ssl=1&resize=700%2C400 2x, https:\/\/i0.wp.com\/fuente.archimadrid.es\/wp-content\/uploads\/2020\/12\/lecturas-nt.jpg?fit=1200%2C655&ssl=1&resize=1050%2C600 3x"},"classes":[]},{"id":139,"url":"https:\/\/fuente.archimadrid.es\/index.php\/lecturas-para-el-matrimonio-del-antiguo-testamento\/","url_meta":{"origin":108,"position":3},"title":"Lecturas para el matrimonio del Antiguo Testamento","author":"admin","date":"17 de diciembre de 2020","format":false,"excerpt":"Lectura del libro del G\u00e9nesis: 1, 26-28. 31a Dijo Dios: \u201cHagamos al hombre a nuestra imagen y semejanza; que domine los peces del mar, las aves del cielo, los animales dom\u00e9sticos, los reptiles de la tierra. Y cre\u00f3 Dios al hombre a su imagen; a imagen de Dios lo cre\u00f3,\u2026","rel":"","context":"Entrada similar","block_context":{"text":"Entrada similar","link":""},"img":{"alt_text":"","src":"https:\/\/i0.wp.com\/fuente.archimadrid.es\/wp-content\/uploads\/2020\/12\/bodas-at.jpg?fit=1009%2C800&ssl=1&resize=350%2C200","width":350,"height":200,"srcset":"https:\/\/i0.wp.com\/fuente.archimadrid.es\/wp-content\/uploads\/2020\/12\/bodas-at.jpg?fit=1009%2C800&ssl=1&resize=350%2C200 1x, https:\/\/i0.wp.com\/fuente.archimadrid.es\/wp-content\/uploads\/2020\/12\/bodas-at.jpg?fit=1009%2C800&ssl=1&resize=525%2C300 1.5x, https:\/\/i0.wp.com\/fuente.archimadrid.es\/wp-content\/uploads\/2020\/12\/bodas-at.jpg?fit=1009%2C800&ssl=1&resize=700%2C400 2x"},"classes":[]},{"id":180,"url":"https:\/\/fuente.archimadrid.es\/index.php\/video\/","url_meta":{"origin":108,"position":4},"title":"video en directo","author":"admin","date":"22 de diciembre de 2020","format":false,"excerpt":"","rel":"","context":"Entrada similar","block_context":{"text":"Entrada similar","link":""},"img":{"alt_text":"","src":"","width":0,"height":0},"classes":[]},{"id":264,"url":"https:\/\/fuente.archimadrid.es\/index.php\/romeria-1994\/","url_meta":{"origin":108,"position":5},"title":"Romer\u00eda 1994","author":"admin","date":"14 de septiembre de 2021","format":false,"excerpt":"","rel":"","context":"Entrada similar","block_context":{"text":"Entrada similar","link":""},"img":{"alt_text":"","src":"https:\/\/i0.wp.com\/fuente.archimadrid.es\/wp-content\/uploads\/2021\/09\/14092021083451_004-scaled.jpg?fit=851%2C1200&ssl=1&resize=350%2C200","width":350,"height":200,"srcset":"https:\/\/i0.wp.com\/fuente.archimadrid.es\/wp-content\/uploads\/2021\/09\/14092021083451_004-scaled.jpg?fit=851%2C1200&ssl=1&resize=350%2C200 1x, https:\/\/i0.wp.com\/fuente.archimadrid.es\/wp-content\/uploads\/2021\/09\/14092021083451_004-scaled.jpg?fit=851%2C1200&ssl=1&resize=525%2C300 1.5x, https:\/\/i0.wp.com\/fuente.archimadrid.es\/wp-content\/uploads\/2021\/09\/14092021083451_004-scaled.jpg?fit=851%2C1200&ssl=1&resize=700%2C400 2x"},"classes":[]}],"jetpack_sharing_enabled":true,"_links":{"self":[{"href":"https:\/\/fuente.archimadrid.es\/index.php\/wp-json\/wp\/v2\/pages\/108","targetHints":{"allow":["GET"]}}],"collection":[{"href":"https:\/\/fuente.archimadrid.es\/index.php\/wp-json\/wp\/v2\/pages"}],"about":[{"href":"https:\/\/fuente.archimadrid.es\/index.php\/wp-json\/wp\/v2\/types\/page"}],"author":[{"embeddable":true,"href":"https:\/\/fuente.archimadrid.es\/index.php\/wp-json\/wp\/v2\/users\/1"}],"replies":[{"embeddable":true,"href":"https:\/\/fuente.archimadrid.es\/index.php\/wp-json\/wp\/v2\/comments?post=108"}],"version-history":[{"count":1,"href":"https:\/\/fuente.archimadrid.es\/index.php\/wp-json\/wp\/v2\/pages\/108\/revisions"}],"predecessor-version":[{"id":109,"href":"https:\/\/fuente.archimadrid.es\/index.php\/wp-json\/wp\/v2\/pages\/108\/revisions\/109"}],"wp:attachment":[{"href":"https:\/\/fuente.archimadrid.es\/index.php\/wp-json\/wp\/v2\/media?parent=108"}],"curies":[{"name":"wp","href":"https:\/\/api.w.org\/{rel}","templated":true}]}}

Localización de la parroquia

<p>Avda. Sancho Rosa 3<br>Urb. Fuente del Fresno<br>28708 San Sebastián de los Reyes (Madrid)</p>



<iframe loading="lazy" src="https://www.google.com/maps/embed?pb=!1m14!1m8!1m3!1d1515.0208035904084!2d-3.589572!3d40.584837!3m2!1i1024!2i768!4f13.1!3m3!1m2!1s0x0%3A0x5334020ec99a57b8!2sParroquia%20Nuestra%20Se%C3%B1ora%20de%20Fuente%20del%20Fresno!5e0!3m2!1ses!2sus!4v1608018620461!5m2!1ses!2sus" width="600" height="450" frameborder="0" style="border:0;" allowfullscreen="" aria-hidden="false" tabindex="0"></iframe>

<p>Avda. Sancho Rosa 3Urb. Fuente del Fresno28708 San Sebastián de los Reyes (Madrid)</p>

EVANGELIOS para la celebración del Matrimonio

I Lectura del santo Evangelio según San Mateo: 5, 1-12a En aquel tiempo, al ver Jesús al gentío, subió a la montaña, se sentó, y se acercaron sus discípulos; y él se puso a hablar enseñándoles: Dichosos los pobres en el espíritu, porque de ellos es el Reino de los…

LECTURAS para el Matrimonio DE LAS CARTAS APOSTÓLICAS (NUEVO TESTAMENTO)

I Lectura de la carta del Apóstol San Pablo a los Romanos: 8, 31b-35. 37-39 Hermanos: Si Dios está con nosotros, ¿quién estará contra nosotros? El que no perdonó a su propio Hijo, sino que lo entregó a la muerte por nosotros, ¿cómo no nos dará todo con Él? ¿Quién…

Lectura del libro del Génesis: 1, 26-28. 31a Dijo Dios: “Hagamos al hombre a nuestra imagen y semejanza; que domine los peces del mar, las aves del cielo, los animales domésticos, los reptiles de la tierra. Y creó Dios al hombre a su imagen; a imagen de Dios lo creó,…

Romería 1994
